(-1). Suppose -5*c + a*y + 1080 = 3*y, 3*y - 636 = -3*c. Calculate the greatest common factor of c and 31.
31
Let s be (-22)/(-6)*(0 + 5 + 4). Suppose 4*o = o + 12. Let x be (-4 + 2)/(o/(-22)). Calculate the greatest common factor of s and x.
11
Let x(f) = 3*f - 1. Let y be x(2). Suppose 22 = k - y. Calculate the highest common divisor of 243 and k.
27
Let p be (2/4)/((-39)/(-780)). Calculate the highest common factor of 5 and p.
5
Suppose 670 + 133 = 11*c. Let d = 28 + -62. Let x = d + c. What is the highest common divisor of 13 and x?
13
Suppose -21*b + 12*b = 0. Suppose -v + 1 = -0, 2*t + 3*v - 29 = b. What is the highest common divisor of t and 117?
13
Let k be (-36)/(-162) - (-1)/((-9)/488). Let g = -46 - k. What is the greatest common factor of 128 and g?
8
Let s = -32 + 45. Suppose 5*k - 199 = 61. Calculate the greatest common divisor of s and k.
13
Let u be 42 + 1/(2/(-8 + -4)). Calculate the highest common factor of 180 and u.
36
Let h = 65 + -19. Suppose 4*w - h = 30. Calculate the highest common divisor of 95 and w.
19
Suppose 0 = 5*b - 10*b + 560. Calculate the greatest common factor of b and 7.
7
Suppose 27*d - 287 - 199 = 0. Calculate the greatest common divisor of d and 72.
18
Suppose -5 = 5*b, 2*b - 146 = -5*k + 897. What is the greatest common divisor of k and 19?
19
Let l(u) = u**3 + 4*u**2 - 5*u + 5. Let z be l(-5). Let a(o) = 2*o - 2. Let w be a(z). Let s = -82 + 170. Calculate the greatest common factor of s and w.
8
Suppose 4*r = 3*v + 114, 30*r - 27*r - 89 = 4*v. Calculate the highest common divisor of 135 and r.
27
Let q be (-4)/8*(-2 - -50)/(-2). What is the highest common factor of q and 60?
12
Let f(z) = 6*z**3 - z**2 - 2*z - 4. Let y be f(-2). Let c = 58 + y. Calculate the highest common factor of c and 2.
2
Suppose f - 364 - 344 = -w, -5*w + 3532 = -3*f. What is the greatest common divisor of w and 28?
7
Let s(i) = -34*i**2 + 2*i - 3. Let o be s(2). Let j = 764 + -512. Let v = o + j. Calculate the greatest common divisor of 13 and v.
13
Suppose 4384 = -32*h + 169*h. Suppose 5 = -5*d - u + 19, 0 = 2*d + 5*u - 24. Calculate the greatest common factor of d and h.
2
Let g be ((-666)/(-21))/(57/266). Calculate the greatest common divisor of g and 8.
4
Let t = 28 + -6. Let v = -26 + 59. What is the highest common factor of v and t?
11
Suppose -80 = -4*v - h - 3*h, 4*v + h - 68 = 0. Let q be -3 - (-17 + 1 + 1). What is the highest common divisor of v and q?
4
Suppose -17 = -3*m - 2*f - 87, -3*m - f = 65. Let h = 35 + m. Calculate the greatest common divisor of h and 15.
15
Suppose 530*m = 526*m + 312. What is the highest common divisor of m and 1326?
78
Let v(j) = j**3 - 45*j**2 + 34*j + 60. Let t be v(45). Calculate the greatest common divisor of t and 30.
30
Let t(r) = -3*r + 2. Let m be t(4). Let l be (2/6)/((-10)/(-390)). Let d = l + m. What is the greatest common divisor of d and 12?
3
Let q(p) = -p**3 + 10*p**2 + 2*p + 6. Let r be q(10). Suppose -4*z + 28 = 2*w, -w + 6*w = 2*z - r. What is the greatest common factor of 2 and z?
2
Suppose 22*v + 62 = 524. Calculate the highest common divisor of v and 546.
21
Let l = 6 - 38. Let f be 8/l - 162/(-8). Suppose -m = -4*m + 240. Calculate the highest common divisor of m and f.
20
Let q(m) = -m**3 + 15*m**2 + 16*m + 8. Let k be q(16). Let o(d) = -5*d - 11*d + 4*d. Let z be o(-6). What is the highest common factor of z and k?
8
Let c(q) = 2*q**2 - 10*q - 15. Let t be c(8). Let p = 17 + -14. Calculate the greatest common factor of p and t.
3
Let a = -565 - -568. Let k(n) = n**3 - 5*n**2 + 6*n - 3. Let y be k(4). Suppose a*b - y = 2*b. What is the highest common divisor of b and 55?
5
Let y(p) = -p**3 - 6*p**2 - 14*p - 11. Let f be y(-5). Suppose 4*o - 4*t - 124 = 0, -4*o + 3*t + 25 = -3*o. Calculate the greatest common factor of f and o.
34
Let c be (-2)/6*-4*18. Let i = -12 - -4. Let m be 0 + (-296)/(-36) + i/36. Calculate the highest common divisor of c and m.
8
Let n(c) = -4*c + 13. Let j be n(2). Suppose -5*k + 180 = j*r, -5*r - 108 = -6*k + 2*k. What is the highest common divisor of k and 16?
16
Let j be (-2)/(8/(-6))*2. Suppose -4*u + 3 = -3*u, j*h + 4*u + 258 = 0. Let g be (-11)/44 - h/8. What is the greatest common divisor of g and 33?
11
Let z be (-21)/(-15) - (1 - 6/10). Suppose 18 + 22 = 2*l. Suppose 0 = b + g - 9, b + b + g - l = 0. What is the highest common factor of b and z?
1
Suppose -t + 72 = t. Suppose 17*a + 14 = 24*a. Suppose 5*x = a*f + 17, 5*f + 2*x - 20 = 10. What is the greatest common factor of f and t?
4
Let g(t) = -67*t - 599. Let s be g(-9). Calculate the greatest common divisor of 236 and s.
4
Suppose 3*v + 155 = 2*i - 0*v, -3*i + 3*v + 225 = 0. Let j(k) = -7*k + 14. Let b be j(-4). What is the greatest common factor of i and b?
14
Suppose 18*u - 3*u - 4200 = 0. Calculate the greatest common divisor of u and 35.
35
Let o be ((-3)/4)/(0 + (-5)/220). What is the greatest common factor of 143 and o?
11
Let q be 5 - (-2 + (-3)/(-3)). Let y be 13/(147/(-75) - -2). Suppose -q*d = -d - y. What is the highest common divisor of 13 and d?
13
Suppose 0 = -3*m + 121 + 113. Calculate the highest common divisor of 6 and m.
6
Let a be (7 + 175/(-20))*28/(-7). Let s be 2/((-1)/1 + 3). Calculate the highest common factor of s and a.
1
Let n(c) = 31*c**2 - 10*c + 9. Let d be n(7). Calculate the greatest common factor of d and 18.
18
Let b = 32 - 9. Suppose 5*w - 894 = -2*t, 0 = -5*t + 9 - 24. Suppose 0 = -z + n + w, 3*n = -0*z - z + 196. Calculate the highest common divisor of z and b.
23
Let n be -70*(18/(-63) - 4/35). Suppose 0 = -3*j + 4*j - 6. Let f be 6/9 + 416/j. What is the greatest common factor of f and n?
14
Let a = -344 + 352. What is the greatest common divisor of 244 and a?
4
Let b be -2 + (-4 + 27/6)*20. Suppose 42 = b*m - 86. Suppose -s = -2*v + 160, 5*s + 338 + 62 = 5*v. Calculate the greatest common divisor of m and v.
16
Suppose 40*k - 740 - 33180 = 0. What is the greatest common factor of 16 and k?
16
Let t = -151 - -149. Let g be 32 + -27 - -3*t/3. Calculate the greatest common factor of g and 1.
1
Let h = -973 - -1315. Let d(c) = 38*c**2 + c - 1. Let g be d(1). Calculate the greatest common divisor of g and h.
38
Suppose -2*x = -65 - 35. Let d = -32 + x. Calculate the greatest common factor of d and 36.
18
Let j = -38 - -101. Suppose 0 = 3*l + 5*p - 22, -3*l - 31 = p - 57. Calculate the greatest common factor of l and j.
9
Let i(o) = -66*o - 496. Let d be i(-33). What is the highest common divisor of 116 and d?
58
Suppose 0 = c + 4*b - 35, 8*b - 37 = -2*c + 11*b. Suppose -108 = -c*a + 19*a. Let y be ((-2)/6)/(1/(-9)). What is the greatest common factor of a and y?
3
Suppose -4*f - 34*f = -1216. What is the greatest common factor of 224 and f?
32
Let s(q) = q**2 - 7*q + 69. Let n be s(-13). What is the greatest common factor of n and 188?
47
Let c = -10 + 42. Let g be 2732/(-20) - 7 - (-2)/(-5). Let m = c - g. Calculate the highest common divisor of 16 and m.
16
Let x(v) = 2*v**2 + 7*v + 37. Let o be x(-5). What is the highest common factor of o and 416?
52
Let i be (-3)/(3/(-6)*-1). Let x(j) = -3*j - 4. Let c be x(i). Let o be (-3*1)/(39/(-182)). What is the highest common factor of o and c?
14
Let t = 37 + -11. Let g = t + -14. Let r = 34 - 10. Calculate the greatest common factor of r and g.
12
Suppose -2*u = 8, 7*w - 3*w = -2*u + 3124. Calculate the highest common factor of w and 54.
27
Suppose 0 = o + 5*s - 35, -147 = -5*o - s + 4*s. Let x = o + -7. Let i be x - 5/(10/(-4)). Calculate the greatest common divisor of 225 and i.
25
Let a(s) = s**3 + 3*s**2 - 8*s. Let g be a(-4). What is the greatest common factor of g and 128?
16
Let b be 78/16 + 9/72. Calculate the greatest common divisor of b and 160.
5
Let o be -1 + -3 + (2 - -20) - -1. Calculate the highest common factor of o and 171.
19
Let s(i) = i**2 - 4*i + 3. Let t be s(6). Let d be (11 - (1 + 1)) + (-1 - 3). What is the highest common divisor of t and d?
5
Let f(k) = 14*k**3 - 8*k**2 + 11*k - 3. Let j be f(5). What is the highest common factor of j and 18?
18
Let o = -223 - -268. What is the highest common factor of 162 and o?
9
Suppose -102*h = -309 - 99. Calculate the greatest common factor of 214 and h.
2
Suppose 0 = 3*x + 185 + 13. Let y = -45 - x. What is the highest common